14 is divided by 2941.
22
What is the remainder when 53996 is divided by 8986?
80
Calculate the remainder when 2328013 is divided by 17.
16
Calculate the remainder when 3041 is divided by 594.
71
What is the remainder when 449 is divided by 103?
37
What is the remainder when 1523 is divided by 153?
146
What is the remainder when 652 is divided by 423?
229
What is the remainder when 42406 is divided by 210?
196
Calculate the remainder when 43340 is divided by 321.
5
Calculate the remainder when 6301 is divided by 242.
9
Calculate the remainder when 50304 is divided by 10059.
9
What is the remainder when 2732 is divided by 443?
74
Calculate the remainder when 3904 is divided by 6.
4
Calculate the remainder when 6344 is divided by 7.
2
What is the remainder when 6904 is divided by 1710?
64
What is the remainder when 7097 is divided by 282?
47
Calculate the remainder when 58401 is divided by 58362.
39
Calculate the remainder when 280719 is divided by 154.
131
Calculate the remainder when 15027 is divided by 34.
33
What is the remainder when 101708 is divided by 193?
190
Calculate the remainder when 97825 is divided by 317.
189
Calculate the remainder when 1505950 is divided by 166.
164
What is the remainder when 28094 is divided by 64?
62
Calculate the remainder when 20957 is divided by 20936.
21
Calculate the remainder when 6863 is divided by 1471.
979
What is the remainder when 7031 is divided by 7011?
20
What is the remainder when 307390 is divided by 2?
0
What is the remainder when 4575 is divided by 2079?
417
Calculate the remainder when 1778 is divided by 201.
170
What is the remainder when 919 is divided by 331?
257
Calculate the remainder when 353 is divided by 309.
44
Calculate the remainder when 14255 is divided by 1439.
1304
What is the remainder when 1865 is divided by 17?
12
Calculate the remainder when 7098 is divided by 378.
294
What is the remainder when 25804 is divided by 252?
100
What is the remainder when 768083 is divided by 7246?
7
Calculate the remainder when 695 is divided by 64.
55
Calculate the remainder when 49794 is divided by 1778.
10
What is the remainder when 574974 is divided by 52?
10
What is the remainder when 73817 is divided by 57?
2
Calculate the remainder when 155535 is divided by 101.
96
Calculate the remainder when 4468 is divided by 1457.
97
What is the remainder when 27976 is divided by 51?
28
Calculate the remainder when 7279 is divided by 208.
207
What is the remainder when 83292 is divided by 17?
9
Calculate the remainder when 94558 is divided by 15.
13
What is the remainder when 34616 is divided by 4942?
22
What is the remainder when 469713 is divided by 156?
153
Calculate the remainder when 104575 is divided by 216.
31
Calculate the remainder when 12333 is divided by 12.
9
What is the remainder when 19569 is divided by 555?
144
Calculate the remainder when 2412 is divided by 997.
418
Calculate the remainder when 264 is divided by 82.
18
What is the remainder when 5451 is divided by 260?
251
Calculate the remainder when 11266 is divided by 166.
144
Calculate the remainder when 3584 is divided by 50.
34
Calculate the remainder when 14477 is divided by 6546.
1385
What is the remainder when 14634 is divided by 1044?
18
Calculate the remainder when 13883 is divided by 130.
103
Calculate the remainder when 774561 is divided by 967.
961
What is the remainder when 2481 is divided by 305?
41
Calculate the remainder when 21358 is divided by 49.
43
What is the remainder when 10923 is divided by 23?
21
Calculate the remainder when 158141 is divided by 276.
269
What is the remainder when 1729 is divided by 1717?
12
Calculate the remainder when 33641 is divided by 33635.
6
What is the remainder when 17731 is divided by 1773?
1
Calculate the remainder when 583458 is divided by 194480.
18
What is the remainder when 7853 is divided by 2616?
5
What is the remainder when 457779 is divided by 57222?
3
Calculate the remainder when 124010 is divided by 602.
600
Calculate the remainder when 759 is divided by 125.
9
Calculate the remainder when 4744 is divided by 4621.
123
What is the remainder when 51329 is divided by 276?
269
Calculate the remainder when 386519 is divided by 26.
3
Calculate the remainder when 8211 is divided by 431.
22
Calculate the remainder when 12878 is divided by 3214.
22
Calculate the remainder when 3607 is divided by 145.
127
Calculate the remainder when 3990 is divided by 174.
162
What is the remainder when 15175 is divided by 587?
500
What is the remainder when 1661 is divided by 461?
278
Calculate the remainder when 2701 is divided by 51.
49
What is the remainder when 106730 is divided by 177?
176
What is the remainder when 452340 is divided by 555?
15
Calculate the remainder when 45110 is divided by 15.
5
What is the remainder when 25158 is divided by 12577?
4
What is the remainder when 2922 is divided by 186?
132
What is the remainder when 125764 is divided by 61?
43
What is the remainder when 17833 is divided by 14?
11
What is the remainder when 21451 is divided by 48?
43
Calculate the remainder when 31454 is divided by 15.
14
What is the remainder when 59402 is divided by 7424?
10
What is the remainder when 289551 is divided by 96515?
6
Calculate the remainder when 2084 is divided by 471.
200
Calculate the remainder when 11808 is divided by 837.
90
What is the remainder when 33371 is divided by 407?
404
Calculate the remainder when 12878 is divided by 758.
750
What is the remainder when 56341 is divided by 752?
693
What is the remainder when 30467 is divided by 6088?
27
What is the remainder when 11338 is divided by 344?
330
Calculate the remainder when 6839 is divided by 24.
23
Calculate the remainder when 417631 is divided by 46.
43
What is the remainder when 4678 is divided by 748?
190
What is the remainder when 386 is divided by 124?
14
Calculate the remainder when 597214 is divided by 199.
15
What is the remainder when 500133 is divided by 13?
10
Calculate the remainder when 16468 is divided by 790.
668
What is the remainder when 81696 is divided by 950?
946
What is the remainder when 30664 is divided by 1916?
8
Calculate the remainder when 913 is divided by 296.
25
What is the remainder when 2779 is divided by 870?
169
Calculate the remainder when 1932992 is divided by 52.
48
Calculate the remainder when 21309 is divided by 10641.
27
Calculate the remainder when 132255 is divided by 200.
55
What is the remainder when 20194 is divided by 347?
68
What is the remainder when 85774 is divided by 58?
50
Calculate the remainder when 87982 is divided by 87950.
32
What is the remainder when 19251 is divided by 21?
15
Calculate the remainder when 23310 is divided by 8.
6
What is the remainder when 6985 is divided by 33?
22
What is the remainder when 2335 is divided by 424?
215
Calculate the remainder when 1917 is divided by 817.
283
Calculate the remainder when 84480 is divided by 440.
0
What is the remainder when 77833 is divided by 44?
41
Calculate the remainder when 4937 is divided by 504.
401
Calculate the remainder when 45527 is divided by 3502.
1
What is the remainder when 156504 is divided by 42?
12
What is the remainder when 197188 is divided by 88?
68
What is the remainder when 10230 is divided by 14?
10
What is the remainder when 7211 is divided by 1801?
7
Calculate the remainder when 9432 is divided by 37.
34
What is the remainder when 43370 is divided by 65?
15
What is the remainder when 43032 is divided by 742?
738
Calculate the remainder when 37235 is divided by 12316.
287
What is the remainder when 3746 is divided by 1834?
78
What is the remainder when 63381 is divided by 57?
54
Calculate the remainder when 65201 is divided by 248.
225
What is the remainder when 4773 is divided by 90?
3
What is the remainder when 987074 is divided by 329024?
2
What is the remainder when 25770 is divided by 25764?
6
Calculate the remainder when 52076 is divided by 3063.
5
Calculate the remainder when 148629 is divided by 20.
9
What is the remainder when 56379 is divided by 10?
9
What is the remainder when 487588 is divided by 162528?
4
What is the remainder when 130 is divided by 41?
7
What is the remainder when 31662 is divided by 116?
110
What is the remainder when 7852 is divided by 82?
62
Ca